4 a factor of 1012340120?
True
Does 39 divide 1455596961?
True
Is 233 a factor of 16945391?
True
Does 15 divide 110838695?
False
Is 202158009 a multiple of 1503?
True
Does 1791 divide 12074922?
True
Is 6 a factor of 247649262?
True
Is 9 a factor of 1642140?
True
Is 24 a factor of 321101592?
True
Is 1973598970 a multiple of 2172?
False
Is 3370371 a multiple of 102?
False
Is 77 a factor of 28069041?
True
Is 541 a factor of 101032395?
False
Does 346 divide 1322022750?
True
Is 576 a factor of 70783261?
False
Is 335344315 a multiple of 84?
False
Does 41 divide 54918844?
True
Is 1066 a factor of 324107681?
False
Is 171861672 a multiple of 6?
True
Is 1061 a factor of 1393216519?
False
Is 14347614 a multiple of 143?
False
Is 20 a factor of 780056083?
False
Does 24 divide 84639648?
True
Is 1677252222 a multiple of 5707?
False
Does 3434 divide 119929016?
True
Does 672 divide 52064544?
True
Does 5 divide 106934008?
False
Is 13408466 a multiple of 61?
False
Is 1581 a factor of 17100096?
True
Is 439 a factor of 126810757?
False
Does 5 divide 23731410?
True
Is 1455 a factor of 365699700?
True
Is 26 a factor of 1716772213?
False
Does 38 divide 1504409473?
False
Is 26287360 a multiple of 55?
True
Is 69 a factor of 16775602?
False
Is 173312429 a multiple of 5240?
False
Does 41 divide 1628878340?
True
Is 1415 a factor of 831492940?
False
Is 4019 a factor of 840973969?
False
Is 248727617 a multiple of 2505?
False
Is 28 a factor of 98310296?
True
Is 325835442 a multiple of 3?
True
Is 1331785911 a multiple of 4110?
False
Does 2405 divide 5109299845?
True
Is 3021981 a multiple of 43?
False
Is 89709121 a multiple of 107?
True
Is 14452800 a multiple of 24?
True
Is 149 a factor of 145567487?
True
Does 24 divide 19571544?
True
Is 292119357 a multiple of 19?
True
Is 34625447 a multiple of 72?
False
Is 38004498 a multiple of 256?
False
Is 548555867 a multiple of 67?
True
Is 10 a factor of 74960399?
False
Does 59 divide 88264395?
False
Is 2 a factor of 230898?
True
Is 363 a factor of 22563221?
False
Is 15 a factor of 407876412?
False
Does 802 divide 66893588?
False
Is 178955334 a multiple of 473?
False
Does 3865 divide 113957962?
False
Does 484 divide 125949384?
True
Does 16 divide 3389981?
False
Does 520 divide 109003960?
True
Does 46 divide 178955816?
False
Is 7422 a factor of 1980582966?
True
Is 30 a factor of 46711560?
True
Does 2484 divide 836506872?
True
Is 2650 a factor of 741631650?
True
Is 596056077 a multiple of 367?
True
Is 36713226 a multiple of 22?
True
Is 1734 a factor of 143550924?
True
Is 49 a factor of 388892330?
False
Is 14609052 a multiple of 108?
True
Is 460 a factor of 14282540?
True
Does 55 divide 37175178?
False
Does 7 divide 230118273?
True
Is 60675363 a multiple of 2817?
True
Is 377041061 a multiple of 359?
False
Is 1229490905 a multiple of 589?
False
Does 4 divide 93683244?
True
Is 39 a factor of 122947773?
True
Does 595 divide 4870374351?
False
Is 410 a factor of 76984060?
True
Is 3208364993 a multiple of 13?
False
Does 2694 divide 83810841?
False
Is 251 a factor of 4394602376?
True
Is 3 a factor of 35699466?
True
Is 680428240 a multiple of 16?
True
Is 612 a factor of 1082915472?
False
Is 5699941531 a multiple of 87?
False
Does 41 divide 1646216?
False
Is 290331767 a multiple of 86?
False
Is 16535398 a multiple of 12?
False
Is 39199011 a multiple of 2?
False
Does 499 divide 200103656?
False
Is 12092377 a multiple of 206?
False
Is 155 a factor of 873940325?
False
Is 9 a factor of 19253115?
True
Does 2 divide 813717?
False
Is 314501992 a multiple of 2702?
True
Does 357 divide 834365763?
True
Is 573 a factor of 6062913?
True
Is 444 a factor of 68633964?
True
Is 1890 a factor of 185522400?
True
Is 125227662 a multiple of 186?
True
Is 1031843 a multiple of 68?
False
Is 811 a factor of 17583291?
True
Is 40985744 a multiple of 545?
False
Is 19 a factor of 631059920?
True
Is 31637590 a multiple of 223?
False
Is 47 a factor of 95532680?
False
Is 810 a factor of 332230410?
True
Is 422 a factor of 91496352?
True
Does 97 divide 270959111?
False
Is 1036815 a multiple of 169?
True
Is 2603 a factor of 36135942?
False
Does 21 divide 712110?
True
Does 419 divide 3767333?
False
Does 886 divide 179422585?
False
Is 233 a factor of 1143331?
True
Is 5 a factor of 4002935?
True
Is 193 a factor of 1217375922?
False
Does 3061 divide 158097589?
True
Is 2286 a factor of 56194452?
True
Is 157331063 a multiple of 334?
False
Is 727456353 a multiple of 25?
False
Does 275 divide 1801513175?
True
Does 1006 divide 80865298?
True
Does 216 divide 16413906?
False
Is 68 a factor of 69632272?
True
Is 110081506 a multiple of 50?
False
Is 1780400866 a multiple of 31?
True
Is 529906033 a multiple of 1576?
False
Is 293176346 a multiple of 3?
False
Is 8 a factor of 3546476?
False
Is 2582 a factor of 637771053?
False
Is 14 a factor of 749969864?
True
Is 1153 a factor of 259727086?
True
Is 70943173 a multiple of 41?
False
Is 612 a factor of 3416146?
False
Does 79 divide 10882768?
False
Does 879 divide 15849261?
False
Is 61171155 a multiple of 15?
True
Is 85512503 a multiple of 9?
False
Is 202178915 a multiple of 185?
True
Is 144319005 a multiple of 201?
True
Is 800500 a multiple of 50?
True
Does 12752 divide 4971239680?
True
Is 239 a factor of 5151520225?
False
Does 14 divide 1636362?
True
Is 81605112 a multiple of 933?
False
Is 220 a factor of 49681827?
False
Is 344 a factor of 104549168?
True
Is 1395668852 a multiple of 1532?
True
Is 45 a factor of 344830905?
True
Is 17207100 a multiple of 45?
True
Is 43498700 a multiple of 1575?
False
Is 139 a factor of 601323174?
True
Does 179 divide 274132235?
True
Is 1491625 a multiple of 125?
True
Is 80 a factor of 5040190?
False
Does 73 divide 42115701?
False
Does 6 divide 36017084?
False
Does 49 divide 14530117?
True
Does 228 divide 392221?
False
Is 10008 a multiple of 4?
True
Is 82 a factor of 31497758?
True
Is 707048816 a multiple of 7?
False
Is 873429830 a multiple of 455?
True
Is 162 a factor of 61914618?
True
Does 381 divide 63413459?
False
Does 56 divide 637431424?
True
Is 38273760 a multiple of 2520?
True
Is 83 a factor of 55775607?
False
Does 68 divide 15909348?
True
Is 38827510 a multiple of 2410?
True
Is 2597 a factor of 315293979?
True
Is 110 a factor of 1058220121?
False
Is 1436308580 a multiple of 2044?
True
Is 31331606 a multiple of 57?
False
Is 437430150 a multiple of 1550?
True
Is 94658928 a multiple of 6?
True
Is 75 a factor of 184023645?
False
Is 22099765 a multiple of 542?
False
Is 55142187 a multiple of 173?
False
Does 5664 divide 260900129?
False
Does 74 divide 31914424?
True
Is 23712986 a multiple of 8?
False
Is 12978380 a multiple of 283?
True
Is 3 a factor of 5931998?
False
Is 268 a factor of 345726820?
False
Does 139 divide 96692292?
True
Is 55542261 a multiple of 524?
False
Is 213782672 a multiple of 7?
False
Does 12 divide 32964540?
True
Is 5195 a factor of 226289005?
True
Is 232 a factor of 70835258?
False
Is 18376366 a multiple of 33?
False
Is 581501014 a multiple of 17?
True
Is 3879082266 a multiple of 534?
True
Is 302571960 a multiple of 22?
False
Is 46847815 a multiple of 6?
False
Is 3372 a factor of 698793048?
True
Is 10933104 a multiple of 182?
True
Is 55 a factor of 109562035?
True
Does 13 divide 64641187?
True
Is 5979213 a multiple of 48?
False
Is 114978200 a multiple of 1060?
True
Is 279230787 a multiple of 1501?
False
Is 100 a factor of 91730500?
True
Is 87087987 a multiple of 9?
True
Does 218 divide 1380908139?
False
Is 2193910050 a multiple of 181?
True
Does 23 divide 672746488?
False
Is 64 a factor of 176480528?
False
Is 4086 a factor of 54078210?
True
Is 9 a factor of 599154462?
True
Is 93886182 a multiple of 78?
True
Is 1415 a factor of 246550366?
False
Is 3521131 a multiple of 8?
False
Is 270848731 a multiple of 5?
False
Does 3453 divide 820405176?
True
Is 10760220 a multiple of 9?
True
Does 2648 divide 1149764248?
True
Does 368 divide 14078520?
False
Is 757361346 a multiple of 7?
True
Is 127 a factor of 33540828?
False
Is 37 a factor of 109427956?
False
Does 1283 divide 22997775?
True
Does 1424 divide 4897719840?
True
Does 7327 divide 2674032612?
True
Does 200 divide 60150600?
True
Is 17 a factor of 2298349?
True
Is 225321493 a multiple of 41?
False
Is 504806158 a multiple of 362?
False
Does 8 divid